 0. Suppose 0 = r - 18 + g. Suppose -4*h + 3*x + 233 = -r*x, -h + 58 = -x. What are the prime factors of h?
3, 19
Let s be ((-3)/(-6 - -15))/((-2)/(-30)). What are the prime factors of (1/3)/(s/(-210))?
2, 7
Let m(s) = s**3 + 23*s**2 - 26*s + 22. List the prime factors of m(-24).
2, 5, 7
Suppose -2680 = -6*j - 2*j. List the prime factors of j.
5, 67
Let q be (-9)/(81/(-30))*-3. Let j = 15 + q. Suppose -j*g - 23 = -68. List the prime factors of g.
3
Let z be -14*(-1)/(-2) - 0. Let a(l) = -l**3 - 5*l**2 + 2*l - 22. What are the prime factors of a(z)?
2, 31
Let o = -3405 + 7335. What are the prime factors of o?
2, 3, 5, 131
Suppose 105 = 8*w - 359. Let h = w + 61. What are the prime factors of h?
7, 17
Suppose -3*s + 2*s + 2 = 0. Suppose -3*n - s*n + 22 = -3*i, i = 1. Let v(r) = -r**3 + 7*r**2 - 6*r + 4. What are the prime factors of v(n)?
2, 3
Let h(c) = -c**2 + 5*c - 9. Let w be h(-7). Let f = 147 + w. What are the prime factors of f?
2, 3
Let y = -3 - 0. Let k be y + ((-9)/3)/(-3). List the prime factors of 33 - (-1 - (4 + k)).
2, 3
Suppose -4697 = -44*c + 40*c - 5*t, 0 = c - 2*t - 1184. What are the prime factors of c?
2, 19, 31
Let x(q) = -q**2 - 11 + 1 - 14*q - 2*q. Let p be x(-15). Suppose 0 = p*b + 32 - 112. What are the prime factors of b?
2
Suppose 2*h - 4175 = 3*q, -h + 2115 = -7*q + 11*q. What are the prime factors of h?
5, 419
Let c be -3 + 6/(2/(-1)). Let i be (4 - 44/12)*c. List the prime factors of (-71)/i + 9/6.
37
Let j = -29 + 371. List the prime factors of j.
2, 3, 19
Suppose 2*j - i - 13 = -2, -1 = -4*j - 5*i. Suppose 0 = -4*p - 3*y + 485, -j*p + 108 = y - 387. List the prime factors of p.
5
Let r(m) = 8*m**3 + m**2 - 4*m + 3. Let t be r(1). Suppose t*i - 704 - 448 = 0. List the prime factors of i.
2, 3
Let u(t) = 2*t + 4. Let s be u(-3). Let y(q) = 46*q - 14. Let i(j) = -12*j + 3. Let m(g) = 9*i(g) + 2*y(g). List the prime factors of m(s).
31
Suppose -8*s + 1719 = -31273. What are the prime factors of s?
2, 1031
List the prime factors of (21 - 22659/63)*(-33)/4.
2, 11, 127
Let f(l) = 8*l**2 - 44*l + 330. List the prime factors of f(14).
2, 641
Suppose t + 4*p = -6, -2*t - 5*p - 8 = -2. Suppose 5*q + 87 = t*j, -2*j - q + 139 = j. List the prime factors of j.
2, 23
Suppose 5*f + 77 = 2*a + 2*a, 40 = -4*f - 4*a. Let s = 12 + f. List the prime factors of ((-115)/(-15))/(s/(-3)).
23
Let d = -261 - -453. Suppose -4*h + 9*h = -2*t + 263, -3*t - d = -4*h. What are the prime factors of h?
3, 17
Suppose -26*y = 7*y - 462. List the prime factors of y.
2, 7
Let f be (-12)/3 + -164 - -2. Let t = -114 - f. List the prime factors of t.
2, 13
Let d(w) = -w**2 + 3*w. Let x be d(3). Suppose -k = 2*g - x*g - 35, g - 4*k - 13 = 0. List the prime factors of g.
17
Suppose -151 - 225 = -8*z. Let u = 68 - z. What are the prime factors of u?
3, 7
Suppose l = -3*a + 693, 2 = -4*a + 6*a. List the prime factors of l.
2, 3, 5, 23
Suppose 45*s + 40291 - 121696 = 0. List the prime factors of s.
3, 67
Let z = 27 + -24. Suppose 0 = 4*m - 5*m + z. Suppose -47 = -m*t + 34. List the prime factors of t.
3
Let o(v) = -v - 26. Let d be o(-11). Let c = 51 + d. What are the prime factors of (-2)/8 - c/(-16)?
2
Let i be -1*(0 - 0/(-3)). Let j(a) be the third derivative of -a**5/60 - a**4/24 + a**3/2 - a**2. What are the prime factors of j(i)?
3
What are the prime factors of 27/(-36)*-4 + 61*20?
1223
Let t(r) = r**3 - r**2 + 3*r - 2. Let a be t(3). Suppose 0 = 5*f - 60 - a. Let d = f - -3. What are the prime factors of d?
2, 5
Let y = 758 + -506. What are the prime factors of y?
2, 3, 7
Let j be 20/4 + (-1 - 1). Suppose 0*m + 8 = m + 5*n, m = j*n + 8. Suppose 3*z - 4*z + m = 0. List the prime factors of z.
2
Suppose 6*q - 29*q = -10580. List the prime factors of q.
2, 5, 23
Let r(q) = 2*q**2 + q - 8. Let v be -3 - (-6 + 3) - -4. List the prime factors of r(v).
2, 7
Suppose 0 = 8*m - 29 - 771. Suppose -2*v = -4*v. Suppose v = -4*r - 2*n + 90, 4*n = -5*r - n + m. List the prime factors of r.
5
Let p be (-11 - -3) + 0/(-2). List the prime factors of (4/p)/((-6)/2376).
2, 3, 11
Suppose 5*w - 127 = 4*v, 2*w = 5*w - 5*v - 71. Let g = -39 + w. Let j = 41 + g. What are the prime factors of j?
29
Suppose -5*p - 4*b + 5 - 2 = 0, p - 9 = 2*b. List the prime factors of p*(2 + (-635)/(-15)).
7, 19
Suppose 2*o - 169 = -5*n, -69*o = -66*o - 2*n - 282. What are the prime factors of o?
2, 23
Suppose 4*c = c - 18. Let k be 9/c + (-39)/(-6). Suppose k*t + 13 = u, -4*u - 5*t + 11 = -2*u. What are the prime factors of u?
2
Let i(v) = v**3 + 9*v**2 + 10*v + 6. Let j be i(-8). Let r = -177 - -176. Let f = r - j. List the prime factors of f.
3
Suppose 0 = -q + 2*z + 1242, 3*q + 10*z = 15*z + 3721. What are the prime factors of q?
2, 7, 11
Suppose 1373 + 3047 = 5*s. What are the prime factors of s?
2, 13, 17
Suppose 3*o - 2*o + 25 = 5*i, i - 5 = -o. Let g(v) = -v**2 + 5*v + 2. Let k be g(i). What are the prime factors of k - 6/2 - -21?
2, 5
Let z = 1427 - 942. What are the prime factors of z?
5, 97
Let m(r) = 18*r**2 + 16*r - 53. What are the prime factors of m(3)?
157
Let v be ((-2)/(-3) + 980/(-12))/(-1). Suppose 4*s - g = 62, 0*g - v = -5*s + 3*g. List the prime factors of s.
3, 5
Suppose -15*x = -13*x + 40. Let j(c) = -c**3 - 17*c**2 + 46*c - 40. List the prime factors of j(x).
2, 3, 5
Let r(t) be the first derivative of -29*t**2/2 - 6*t - 1. Let m be r(-4). Let i = -72 + m. What are the prime factors of i?
2, 19
Let d(g) = 51*g - 54. What are the prime factors of d(9)?
3, 5
Suppose 8*p + 324 = 11*p. Let f = -25 + p. What are the prime factors of f?
83
Let u(p) = p**2 - p - 4. Let x be u(3). Let m(s) = 3*s - 2*s - 3 - x*s. List the prime factors of m(-9).
2, 3
Let m be (-1 + 22/6)/(26/78). Suppose -m*k = -0*k - 880. What are the prime factors of k?
2, 5, 11
Suppose 5*x - 113 + 8 = 0. Let q = x - 1. Suppose 3*w - 5*w = -q. List the prime factors of w.
2, 5
What are the prime factors of (-1298 + -2)*(-15 - -14)?
2, 5, 13
Let o(b) = -b**3 + 5*b**2 - 4*b. Let p be o(6). What are the prime factors of p*((-630)/(-25))/(-7)?
2, 3
Let i(a) = 8*a**2 - 4*a - 1. Let g be i(-2). Let d = g + -31. Suppose -2*p + 3*p = d. What are the prime factors of p?
2
Let r be (-6450)/(-8) + 10/(40/3). What are the prime factors of (-38)/57*r/(-2)?
269
What are the prime factors of (-2)/(-15) - (-536592)/1260?
2, 3, 71
Let z(j) = -214*j - 8. What are the prime factors of z(-2)?
2, 3, 5, 7
Let m(a) = 19*a**2 + 5*a + 5. Let w(j) = j**3 + 19*j**2 + 20*j + 34. Let t be w(-18). What are the prime factors of m(t)?
71
Let r be (3/((-9)/(-2)))/(31/(-5487)). Let u = r + 196. List the prime factors of u.
2, 3, 13
Let g(n) = -55*n - 5. Let y be g(-2). Suppose 2*i + 3*i - y = 0. Let h = i - 17. List the prime factors of h.
2
Suppose 20*b - 19*b = 5*p - 5381, 5*b = -2*p + 2147. List the prime factors of p.
2, 269
Let l(n) = 6*n**2 + 10*n - 14. What are the prime factors of l(5)?
2, 3, 31
What are the prime factors of (1256/12)/(1/9)?
2, 3, 157
Let m be (-1742)/(-4) - 7/14. Suppose 5*n = -0*n + m. Suppose 3*i - n - 48 = 0. List the prime factors of i.
3, 5
Suppose u + 5*t = 905, -2*t - 3 = -11. List the prime factors of u.
3, 5, 59
Let h(b) = -3*b**3 - 11*b**2 - 4*b - 11. Let g(m) = m**3 + 4*m**2 + m + 4. Let i(d) = 7*g(d) + 2*h(d). List the prime factors of i(-6).
2, 3
List the prime factors of (61/(-2))/((-23)/322).
7, 61
Suppose f - 3 = 0, -3*f + 630 = c - 6*f. List the prime factors of c.
3, 71
Let u(t) = -2*t**2 - 3*t + 19. Let y be u(-6). Let x = -31 - y. Suppose 3*c + x*s = -s + 198, 5*c = -5*s + 340. What are the prime factors of c?
71
Let o be (-5 + 3)*(-1 + (-222)/4). Let r = o + 20. List the prime factors of r.
7, 19
Let i(n) = -n**2 + 4*n + 8. Let x(c) = c**2 - 5*c - 7. Let t(p) = -2*i(p) - 3*x(p). List the prime factors of t(6).
11
Let d = 7671 + -4131. List the prime factors of d.
2, 3, 5, 59
Suppose 23*b = 19*b - 24. List the prime factors of 1 + (4 - b/(-2)).
2
Let n be (-249)/(-15) + (-4)/(-10). Suppose -4*l + n = 3*k, 4*k + 2*l = 6*l + 4. Suppose 0 = 5*o - k*o - 20. List the prime factors of o.
2, 5
Let x = -598 - -986. What are the prime factors of x?
2, 97
Let d(j) = j**2 - 11*j + 19. Let t be d(8). Let f = 65 - t. What are the prime factors of f?
2, 5, 7
Let h(v) = 8*v**2 + 3*v - 2. Let d be h(1). Let 